*(-2)/3. Let k = -6 + i. List the prime factors of k.
2
Suppose 2 = h + 1. Let q be 2/2 + (4 - -8). Let r = q + h. What are the prime factors of r?
2, 7
Let t = 6 - 1. Suppose 265 = 5*p - t*u, -2*p - 3*p + 2*u = -268. Suppose -3*i = -2*w - p, -5*w = 3*i - 89 + 14. List the prime factors of i.
2, 5
Let x be (-1)/((-25)/10 + 2). Suppose -5 - 1 = -x*m. List the prime factors of 12/3 + (m - -36).
43
List the prime factors of 1743 + (-6 - 21/3) + 6.
2, 7, 31
Let k = 18 + -14. Suppose -2*j - u = -5, -2*j + k*u + 0*u = 0. Suppose x = 5*o - 119, 44 = 2*o - 2*x - j*x. List the prime factors of o.
2, 3
Suppose -4 = 4*t, -5*v + 51 = 6*t - 2*t. Suppose -4*b = 4*f - 12, -b = -3*f - 3*b + v. Let w = f + 10. List the prime factors of w.
3, 5
Let b be 1/(-9)*3*-60. Suppose 3*i - b - 121 = 0. List the prime factors of i.
47
Suppose a + 2669 = -13*r + 14*r, 4*r + 3*a - 10704 = 0. List the prime factors of r.
3, 11
Suppose w - 7 = -u, -3*w + 8 = 2*u - 13. Let j = w - 17. Let a = 16 + j. What are the prime factors of a?
2, 3
Suppose 0 = -2*m + 3*m - 31. Let g = 182 - 199. Let y = g + m. List the prime factors of y.
2, 7
Let w(p) = p + 2. Let f be w(7). Suppose 0 = -f*d + 4*d + 20. Suppose -d*l - l = -50. What are the prime factors of l?
2, 5
Let g = -117 + 42. What are the prime factors of (-2353)/(-15) + (-10)/g?
157
Suppose 119616 = 11*p + 37*p. What are the prime factors of p?
2, 7, 89
Let g = 415 + -125. Suppose 4*a - g = -6*a. What are the prime factors of a?
29
Suppose 4*w = -6*w + 4480. List the prime factors of w.
2, 7
Suppose 0 = 3*m - 45 - 18. Suppose 17*u - 18*u = -m. What are the prime factors of u?
3, 7
Let v = -8 + 12. List the prime factors of ((-4)/5)/v - 782/(-10).
2, 3, 13
Let r = 930 + -360. List the prime factors of r.
2, 3, 5, 19
Suppose h - 93 = -2*h. Suppose 99 = -19*n + 10*n. Let k = n + h. What are the prime factors of k?
2, 5
Let x be ((-5)/2)/(15/(-24)). Suppose 92 = 4*l + n, -4*l + x = 5*n - 72. What are the prime factors of l?
2, 3
Let b(s) = s**3 - 4*s**2 - 32*s + 8. List the prime factors of b(9).
5
Let t(h) = 59*h**2 - 12*h - 14. What are the prime factors of t(-5)?
3, 13
Suppose 0 = -0*q + q - 5*m - 22, -24 = -4*q + 4*m. Suppose -5*t + 324 = 2*a, a + 6*t - q*t = 159. List the prime factors of a.
167
Let y be 0/4*(-2 - -1). What are the prime factors of 103 - (y/3)/(-4)?
103
Let g(r) = r**3 + 3*r - 2. Let d = 23 - 14. Suppose 3*u - d*u = -12. What are the prime factors of g(u)?
2, 3
Suppose -406 = -3*l + 71. Let b = 226 - l. What are the prime factors of b?
67
What are the prime factors of 6/(6/(-1)) - -780?
19, 41
Let r(w) = w**2 + 11*w + 4. Let a be r(-10). Let l(i) = -i**3 - 2*i**2 + 10*i + 8. What are the prime factors of l(a)?
2, 23
Let c(x) be the third derivative of x**4/24 + 3*x**3/2 - 19*x**2. Let v(k) = -k + 7. Let w be v(0). What are the prime factors of c(w)?
2
Let o = -621 - -1517. What are the prime factors of o?
2, 7
Let m = -28 + 16. List the prime factors of (-5)/20 - 303/m.
5
Suppose 0 = v + 4, 4*v = b - 6*b + 29. Suppose 130 = -b*f + 11*f. List the prime factors of f.
5, 13
Let a(i) = -3*i**2 + 5*i - 3. Suppose -3*j + 4*h = -5, -4*h + 5 = j - 2*h. Let z be a(j). What are the prime factors of 30*(-6)/z*1?
2, 3
Suppose -3*n = -4*d - 1439, 4*n + 491 - 2408 = 5*d. What are the prime factors of n?
11, 43
Suppose 25*u - 56 = 21*u. Suppose 0*c + u = c. What are the prime factors of c?
2, 7
Let h(p) = -p**3 - p**2 - 8*p + 3. List the prime factors of h(-8).
5, 103
Let v(z) = z**3 + 10*z**2 + 6*z - 14. Let k be v(-8). Let h be 156/15*(-15)/(-6). Suppose -g + 5*j + k = 0, h = g + 3*j - 0*j. What are the prime factors of g?
41
Suppose 9*b = -2*p + 6*b + 4812, p - 2*b - 2413 = 0. What are the prime factors of p?
3, 11, 73
Suppose 161 = q + 4*a, -3*q = -0*q - a - 509. Suppose -q = -h + 22. What are the prime factors of h?
191
List the prime factors of 128*(-5)/(-60)*6 + -5.
59
Let o be (5/(-3))/(22/2310). Let q = o - -473. List the prime factors of q.
2, 149
Let k be ((-11)/(385/(-322)))/((-1)/(-25)). Let i be (-52)/(-6) - (-8)/(-12). Suppose 13*m = i*m + k. What are the prime factors of m?
2, 23
Let x = 1379 - 683. List the prime factors of x.
2, 3, 29
Let v be -4 - (3 + -1 + -4). Let p(u) = -2*u - 2. Let a be p(v). List the prime factors of 1*a*1708/56.
61
Suppose -f + 0*v - 4*v = 0, -3*v - 19 = -4*f. Let p(n) = 21*n + 18. What are the prime factors of p(f)?
2, 3, 17
Suppose -v + o = 9, -2*o + 7 = v + o. Let q(x) = -3*x**2 + 7*x + 1. Let b be q(v). List the prime factors of b/(-4) - 1/4.
3
Let u = 212 - 80. What are the prime factors of u?
2, 3, 11
Suppose -3*f + 15 = 3*r + 2*f, f - 3 = -5*r. Suppose 2 = -w - r. What are the prime factors of (6 + 37)*w/(-2)?
43
Suppose 0*j + 4*j = -2*x + 2638, x - 1334 = 3*j. List the prime factors of x.
5, 53
Let a(d) be the third derivative of d**5/60 + d**4/6 + 19*d**3/6 - d**2. What are the prime factors of a(-8)?
3, 17
Let a(p) = -p**2 - 10*p - 7. Let x be a(-9). Suppose -k = x*k, -5*o + 25 = -k. Suppose 3*j - 1 - o = 0. List the prime factors of j.
2
Let p be 12/8*10*-1. Let g = p + 9. What are the prime factors of (-26 + 19)/(1/g)?
2, 3, 7
Suppose 7*d - 8*d = -3*f - 721, -3*d + 3*f = -2181. What are the prime factors of d?
2, 5, 73
Let i(v) = -156*v + 42. List the prime factors of i(-5).
2, 3, 137
Let a(j) = -394*j + 232. List the prime factors of a(-5).
2, 3, 367
Suppose 12 = 2*s - 0. Let u = -2 - s. Let y = u - -15. What are the prime factors of y?
7
Let u = 761 + 500. What are the prime factors of u?
13, 97
Suppose -905 = -2*p - q, -5*p + 0*p + q = -2245. List the prime factors of p.
2, 3, 5
Suppose 0 = j - 4*c + 20, -j = -6*j + 5*c - 55. Let s(y) = -9*y - 27. List the prime factors of s(j).
3, 5
Let i(b) = 35*b**3 - b**2 + 5*b - 3. What are the prime factors of i(2)?
283
Suppose 12*y = 4*y + 3200. List the prime factors of y.
2, 5
Suppose b - 3*f - f = 314, -5*f - 622 = -2*b. What are the prime factors of b?
2, 3, 17
Let v be (-1)/((-4)/(60/3)). Suppose -146 + 26 = -v*k. List the prime factors of k.
2, 3
Suppose -4*u + 9 + 3 = 0, 5*h = u + 5042. What are the prime factors of h?
1009
Let x be 4/(-18) - 19746/81. Let p = 424 + x. What are the prime factors of p?
2, 3, 5
Let c be (-1 + -28 + -3)/1. Let d(h) = h - 30. Let k be d(9). Let x = k - c. What are the prime factors of x?
11
Let g(o) = 49*o + 108. What are the prime factors of g(6)?
2, 3, 67
Suppose 4*n - f - 267 = 1051, -668 = -2*n - 4*f. What are the prime factors of n?
2, 3, 5, 11
What are the prime factors of -3 - ((-8)/44 + 6917/(-11))?
2, 313
Let n(q) be the first derivative of -q**4/4 - 7*q**3/3 - 5*q**2 - 15*q + 1. Let b be (-189)/(-84)*(-8)/3. What are the prime factors of n(b)?
3
Suppose 0 = h + 6*h - 21. Let d(j) = 8*j**2 - 7*j - 1. What are the prime factors of d(h)?
2, 5
Let u(w) = w**3 - 14*w**2 + 11*w + 29. Let l be u(13). Suppose 2*r + 3*p - 166 = -0*p, -5*r + 457 = -l*p. What are the prime factors of r?
89
Suppose 0 = t - 6*t + 210. Let y = t - 25. Suppose y*n - 13*n = 124. What are the prime factors of n?
31
Let p = 36 - 34. What are the prime factors of 2041/39 + p/3?
53
Let i(f) be the second derivative of -f**3/6 - 4*f**2 - 6*f. Let h be i(-8). Suppose 14 = 2*a - b, -a + 18 = 5*b - h. What are the prime factors of a?
2
Suppose -134 = -4*j - 5*a + 700, 0 = 3*j + a - 620. What are the prime factors of (4 - 4) + 0 + j?
2, 103
Let t(u) = -31*u + 18. Let r be t(-10). Suppose -202 - r = -5*f. List the prime factors of f.
2, 53
Let p(z) = 132*z - 12. What are the prime factors of p(3)?
2, 3
Let v = -10 + -2. Let l be (-63)/(-13) + v/(-78). Suppose 0 = l*s - 128 - 17. List the prime factors of s.
29
Let m = 2934 - -30. List the prime factors of m.
2, 3, 13, 19
Suppose -5*n - 28 = -43. Suppose 91 = n*l - 5*c, -4*l + 4*c - 132 = -8*l. List the prime factors of l.
2
Let w(k) = -k + 1. Let g be w(-2). Suppose -2*m + 100 = g*i, -3*i = 5*m - 6*i - 250. Suppose -5*r + 70 = -m. What are the prime factors of r?
2, 3
Let i be (5/(-15))/((-2)/168). Let q = i + -26. List the prime factors of q.
2
Let v(j) = j**3 - 6*j**2 + 8*j - 5. Suppose 0 = 3*f - 0*c + 5*c - 10, 2*f + 4*c - 6 = 0. List the prime factors of v(f).
2, 5
List the prime factors of ((-2325)/30 - -2)/((-1)/6).
3, 151
Suppose 0 = 4*l + 3*j - 256, -3*l + 2*j 